{"id":2,"date":"2016-05-10T03:48:21","date_gmt":"2016-05-10T03:48:21","guid":{"rendered":"http:\/\/wp452m.a10-52-158-154.qa.plesk.ru\/wordpress\/?page_id=2"},"modified":"2023-12-24T09:43:45","modified_gmt":"2023-12-24T09:43:45","slug":"sample-page","status":"publish","type":"page","link":"http:\/\/gapwm-journal.de\/?page_id=2","title":{"rendered":"\u00dcber uns"},"content":{"rendered":"<p><strong>Impressum<\/strong><\/p>\n<p>Michael Schmatz<\/p>\n<p>Autor, Dozent, Publizist, Rechtsexperte, Sozialversicherungsfachwirt, Unternehmensberater, Videojournalist und Wirtschaftsjournalist<\/p>\n<p>Sindelsdorfer Str. 7<br \/>\n82377 Penzberg<br \/>\nDeutschland<\/p>\n<p>Email: info@gapwm-journal.de<br \/>\nInternet: http:\/\/www.gapwm-journal.de<br \/>\nTelefon: +49 (0) 177 241 64 29<\/p>\n<p>Inhaltlich Verantwortlicher gem\u00e4\u00df \u00a7 55 Abs. 2 RStV: Michael Schmatz (Anschrift wie oben)<\/p>\n<p>Haftungshinweis: Trotz sorgf\u00e4ltiger inhaltlicher Kontrolle \u00fcbernehmen wir keine Haftung f\u00fcr die Inhalte externer Links. F\u00fcr den Inhalt der verlinkten Seiten sind ausschlie\u00dflich deren Betreiber verantwortlich.<\/p>\n","protected":false},"excerpt":{"rendered":"<p>Impressum Michael Schmatz Autor, Dozent, Publizist, Rechtsexperte, Sozialversicherungsfachwirt, Unternehmensberater, Videojournalist und Wirtschaftsjournalist Sindelsdorfer Str. 7 82377 Penzberg Deutschland Email: info@gapwm-journal.de Internet: http:\/\/www.gapwm-journal.de Telefon: +49 (0) 177 241 64 29 Inhaltlich Verantwortlicher gem\u00e4\u00df \u00a7 55 Abs. 2 RStV: Michael Schmatz (Anschrift wie oben) Haftungshinweis: Trotz sorgf\u00e4ltiger inhaltlicher Kontrolle \u00fcbernehmen wir keine Haftung f\u00fcr die Inhalte externer [&hellip;]<\/p>\n","protected":false},"author":1,"featured_media":0,"parent":0,"menu_order":0,"comment_status":"closed","ping_status":"open","template":"","meta":{"footnotes":""},"_links":{"self":[{"href":"http:\/\/gapwm-journal.de\/index.php?rest_route=\/wp\/v2\/pages\/2"}],"collection":[{"href":"http:\/\/gapwm-journal.de\/index.php?rest_route=\/wp\/v2\/pages"}],"about":[{"href":"http:\/\/gapwm-journal.de\/index.php?rest_route=\/wp\/v2\/types\/page"}],"author":[{"embeddable":true,"href":"http:\/\/gapwm-journal.de\/index.php?rest_route=\/wp\/v2\/users\/1"}],"replies":[{"embeddable":true,"href":"http:\/\/gapwm-journal.de\/index.php?rest_route=%2Fwp%2Fv2%2Fcomments&post=2"}],"version-history":[{"count":3,"href":"http:\/\/gapwm-journal.de\/index.php?rest_route=\/wp\/v2\/pages\/2\/revisions"}],"predecessor-version":[{"id":77,"href":"http:\/\/gapwm-journal.de\/index.php?rest_route=\/wp\/v2\/pages\/2\/revisions\/77"}],"wp:attachment":[{"href":"http:\/\/gapwm-journal.de\/index.php?rest_route=%2Fwp%2Fv2%2Fmedia&parent=2"}],"curies":[{"name":"wp","href":"https:\/\/api.w.org\/{rel}","templated":true}]}}